 prime number?
False
Is 6031 a prime number?
False
Is 18649 prime?
False
Is 97151 composite?
False
Is 279781 a composite number?
True
Is 1920587 composite?
False
Is 1567 a prime number?
True
Is 662771 a prime number?
True
Is 6211 a prime number?
True
Is 18583 a prime number?
True
Is 45743 a prime number?
False
Is 25219 a prime number?
True
Is 40615 prime?
False
Is 202859 a prime number?
True
Is 11987 a prime number?
True
Is 481055 a composite number?
True
Is 438499 a prime number?
True
Is 49597 prime?
True
Is 5129 composite?
True
Is 28901 a prime number?
True
Is 106291 composite?
False
Is 406907 prime?
True
Is 366593 prime?
True
Is 6787 prime?
False
Is 42215 a composite number?
True
Is 89841 a composite number?
True
Is 943871 a composite number?
False
Is 177283 composite?
False
Is 633133 a composite number?
False
Is 226901 prime?
True
Is 418199 prime?
True
Is 10961 composite?
True
Is 3257609 composite?
False
Is 695441 a composite number?
False
Is 25013 prime?
True
Is 21959 a composite number?
True
Is 98269 a prime number?
True
Is 2668061 composite?
True
Is 15931 a composite number?
True
Is 73543 a prime number?
False
Is 14743 composite?
True
Is 250829 a composite number?
False
Is 10942 prime?
False
Is 52103 composite?
False
Is 9527 prime?
False
Is 155257 a composite number?
True
Is 2098 prime?
False
Is 43517 composite?
False
Is 39707 prime?
False
Is 17513 a prime number?
False
Is 2018207 composite?
True
Is 11677 prime?
True
Is 24571 composite?
False
Is 14057 a prime number?
True
Is 8383 composite?
True
Is 5583 composite?
True
Is 432479 a composite number?
False
Is 296927 composite?
True
Is 50989 composite?
False
Is 15877 composite?
False
Is 2592503 prime?
False
Is 5471 a composite number?
False
Is 953291 a prime number?
False
Is 869926 composite?
True
Is 3143 prime?
False
Is 8999 prime?
True
Is 335323 composite?
False
Is 459991 composite?
True
Is 20095 a prime number?
False
Is 414361 prime?
True
Is 158435 composite?
True
Is 126541 prime?
True
Is 1438 a composite number?
True
Is 730021 composite?
False
Is 19567 a composite number?
True
Is 2939 a composite number?
False
Is 4987 a prime number?
True
Is 11027 a composite number?
False
Is 1685 prime?
False
Is 25243 a composite number?
False
Is 336121 composite?
False
Is 9569 prime?
False
Is 43163 composite?
True
Is 821 composite?
False
Is 1042 prime?
False
Is 3759239 a composite number?
True
Is 866843 composite?
False
Is 434951 a prime number?
False
Is 16943 a prime number?
True
Is 94502 composite?
True
Is 517451 composite?
True
Is 190373 a prime number?
False
Is 362003 prime?
True
Is 190235 composite?
True
Is 478939 prime?
False
Is 260579 composite?
True
Is 6257 prime?
True
Is 4091 a composite number?
False
Is 27509 composite?
False
Is 2609 prime?
True
Is 10867 composite?
False
Is 25219 a composite number?
False
Is 10079 a prime number?
True
Is 2521 a composite number?
False
Is 3400103 composite?
True
Is 1759 prime?
True
Is 98081 prime?
True
Is 1441949 a composite number?
False
Is 939157 composite?
False
Is 1553 a prime number?
True
Is 272183 composite?
False
Is 10762 a prime number?
False
Is 568885 composite?
True
Is 82027 a prime number?
False
Is 21561 composite?
True
Is 945289 prime?
True
Is 71119 a composite number?
False
Is 116239 composite?
False
Is 15811 prime?
False
Is 27361 prime?
True
Is 3683 composite?
True
Is 2680709 a prime number?
True
Is 1199381 prime?
False
Is 49097 a prime number?
False
Is 8921 a composite number?
True
Is 24715 prime?
False
Is 46195 composite?
True
Is 55253 composite?
True
Is 250023 a composite number?
True
Is 8182 composite?
True
Is 159529 a composite number?
True
Is 19766 composite?
True
Is 9917 prime?
False
Is 52919 prime?
True
Is 571633 composite?
False
Is 7217 a prime number?
False
Is 8443 prime?
True
Is 419065 a prime number?
False
Is 1895 composite?
True
Is 2647 prime?
True
Is 133919 a composite number?
False
Is 3109 prime?
True
Is 8637 composite?
True
Is 303547 prime?
True
Is 2310991 a prime number?
True
Is 520781 composite?
True
Is 497003 a prime number?
False
Is 68353 composite?
True
Is 1804871 a composite number?
False
Is 90921 a prime number?
False
Is 8093 a composite number?
False
Is 2251 a composite number?
False
Is 81583 composite?
True
Is 640357 a prime number?
False
Is 59581 composite?
False
Is 1931 a prime number?
True
Is 55231 a composite number?
True
Is 17461 composite?
True
Is 120867 composite?
True
Is 209011 a prime number?
False
Is 1515887 a prime number?
False
Is 1511 prime?
True
Is 17059 a prime number?
False
Is 36037 a composite number?
False
Is 4747 composite?
True
Is 12469 composite?
True
Is 2451443 a composite number?
False
Is 17543 a prime number?
False
Is 87463 a composite number?
True
Is 61093 a prime number?
False
Is 7827 a prime number?
False
Is 1354 prime?
False
Is 25697 a composite number?
True
Is 15967 composite?
True
Is 14583 a composite number?
True
Is 62255 prime?
False
Is 50207 prime?
True
Is 655709 a prime number?
False
Is 8014 a composite number?
True
Is 17513 composite?
True
Is 307 prime?
True
Is 3691 composite?
False
Is 4229 a prime number?
True
Is 23531 a composite number?
False
Is 549071 composite?
False
Is 6167 a prime number?
False
Is 47503 a composite number?
True
Is 140009 composite?
False
Is 25111 composite?
False
Is 7861 prime?
False
Is 1205 a composite number?
True
Is 32719 a composite number?
False
Is 398539 a composite number?
False
Is 976263 composite?
True
Is 20854 a prime number?
False
Is 962759 prime?
False
Is 17065 a composite number?
True
Is 83969 prime?
True
Is 38797 prime?
False
Is 71605 composite?
True
Is 50063 a composite number?
True
Is 50429 prime?
False
Is 343997 a prime number?
True
Is 14629 composite?
False
Is 963257 a composite number?
True
Is 149297 a prime number?
True
Is 5981 a composite number?
False
Is 17035 a prime number?
False
Is 243227 prime?
True
Is 1536611 a composite number?
False
Is 2820397 a composite number?
True
Is 161047 a composite number?
False
Is 9637 a composite number?
True
Is 809 a composite number?
False
Is 507757 a composite number?
False
Is 4711691 a prime number?
False
Is 14255 a composite number?
True
Is 79307 prime?
False
Is 14777 prime?
False
Is 5157709 composite?
False
Is 11611 prime?
False
Is 53771 a composite number?
True
Is 1451 prime?
True
Is 260581 composite?
False
Is 2918 prime?
False
Is 12979 a prime number?
True
Is 25279 prime?
False
Is 5006 a prime number?
False
Is 181234 prime?
False
Is 203207 composite?
False
Is 2480743 composite?
False
Is 4098497 a prime number?
False
Is 100769 prime?
True
Is 1700099 a composite number?
False
Is 14285 a prime number?
False
Is 2022497 prime?
True
Is 36721 composite?
False
Is 1831967 composite?
False
Is 330131 a composite number?
False
Is 37211 prime?
False
Is 662177 a prime number?
True
Is 5581 composite?
False
Is 51 prime?
False
Is 70013 composite?
True
Is 97211 composite?
True
Is 814951 a composite number?
True
Is 140443 composite?
False
Is 25601 a prime number?
True
Is 1086389 a prime number?
True
Is 84761 prime?
True
Is 216941 a prime number?
False
Is 705769 composite?
False
Is 303257 composite?
False
Is 11981 a composite number?
False
Is 22411 a prime number?
False
Is 956101 a prime number?
False
Is 14143 prime?
True
Is 175037 prime?
False
Is 29567 a composite number?
False
Is 52637 prime?
False
Is 36187 prime?
True
Is 12563 composite?
True
Is 166799 composite?
False
Is 436459 prime?
True
Is 114033 prime?
False
Is 257783 composite?
False
Is 17077 a composite number?
False
Is 22901 a composite number?
False
Is 39301 a composite number?
False
Is 386279 prime?
True
Is 5209 prime?
True
Is 4837 a prime number?
False
Is 158437 a composite number?
True
Is 73673 composite?
False
Is 22769 a prime number?
True
Is 944771 composite?
True
Is 24049 a prime number?
True
Is 32353 a composite number?
False
Is 242861 a composite number?
True
Is 14441 prime?
False
Is 1909513 composite?
False
Is 733511 a composite number?
False
Is 533141 a prime number?
False
Is 466813 prime?
False
Is 8147 composite?
False
Is 143729 prime?
True
Is 583 a prime number?
False
Is 5981 a composite number?
False
Is 337055 prime?
False
Is 112031 a prime number?
True
Is 94189 prime?
False
Is 4757 a prime number?
False
Is 86321 composite?
True
Is 466633 